 500118518.
2, 250059259
List the prime factors of 591990030.
2, 3, 5, 19, 43, 83, 97
List the prime factors of 788521924.
2, 97, 2032273
List the prime factors of 1853890311.
3, 7, 13, 6790807
What are the prime factors of 64382271?
3, 199, 107843
List the prime factors of 1222672367.
7, 101, 1163, 1487
What are the prime factors of 44235775?
5, 1769431
What are the prime factors of 137532904?
2, 47, 365779
List the prime factors of 22426726.
2, 7, 19, 59, 1429
List the prime factors of 331074216.
2, 3, 11, 46447
What are the prime factors of 1225303288?
2, 11, 17, 23, 149, 239
What are the prime factors of 1970906702?
2, 985453351
List the prime factors of 3714975.
3, 5, 11, 19, 79
List the prime factors of 1394130811.
4987, 279553
List the prime factors of 104102918.
2, 53, 982103
What are the prime factors of 22230720?
2, 3, 5, 31, 83
List the prime factors of 4581331272.
2, 3, 7, 3029981
List the prime factors of 260946167.
331, 788357
List the prime factors of 391089091.
149, 2624759
List the prime factors of 1026284036.
2, 331, 607, 1277
What are the prime factors of 439982281?
37, 11891413
What are the prime factors of 2691804315?
3, 5, 179453621
What are the prime factors of 48647255?
5, 239, 40709
List the prime factors of 334309916.
2, 487, 171617
What are the prime factors of 674163133?
7, 96309019
What are the prime factors of 869410059?
3, 7, 41400479
What are the prime factors of 107248803?
3, 35749601
What are the prime factors of 4589287605?
3, 5, 7, 4856389
List the prime factors of 391457434.
2, 127, 1541171
List the prime factors of 1991855652.
2, 3, 19, 8736209
What are the prime factors of 4566418?
2, 433, 5273
List the prime factors of 644015375.
5, 239, 21557
List the prime factors of 181716893.
17, 19, 562591
What are the prime factors of 5991080179?
7, 11657, 73421
List the prime factors of 100332149.
73, 1374413
What are the prime factors of 593823404?
2, 197, 753583
What are the prime factors of 25543772?
2, 6385943
List the prime factors of 2035139908.
2, 6737, 75521
What are the prime factors of 44410569?
3, 7, 31, 68219
What are the prime factors of 1264716506?
2, 29, 151, 144407
List the prime factors of 178591465.
5, 13, 31, 263, 337
What are the prime factors of 1713559792?
2, 7, 1291, 1693
What are the prime factors of 128658471?
3, 29, 971, 1523
List the prime factors of 101754766.
2, 19, 2677757
List the prime factors of 353174479.
7, 50453497
List the prime factors of 243397588.
2, 7, 1721, 5051
What are the prime factors of 67823321?
67823321
What are the prime factors of 2167491414?
2, 3, 11, 3049, 10771
List the prime factors of 2208199733.
2208199733
List the prime factors of 7098928.
2, 17, 26099
List the prime factors of 186635961.
3, 23, 73, 179
List the prime factors of 4489063990.
2, 5, 29, 113, 136987
List the prime factors of 997996772.
2, 23, 461, 23531
What are the prime factors of 62048297?
37, 1676981
List the prime factors of 162603160.
2, 5, 37, 181, 607
What are the prime factors of 2866196418?
2, 3, 477699403
What are the prime factors of 5324211186?
2, 3, 7, 863, 146891
What are the prime factors of 1112386007?
17, 23, 1601, 1777
List the prime factors of 156715487.
1039, 150833
List the prime factors of 319843284.
2, 3, 26653607
List the prime factors of 112236270.
2, 3, 5, 41, 91249
What are the prime factors of 104697432?
2, 3, 7, 43, 4831
List the prime factors of 41611423.
7, 127, 46807
List the prime factors of 30676625.
5, 7, 35059
What are the prime factors of 943980291?
3, 34962233
What are the prime factors of 2413994841?
3, 6571, 40819
What are the prime factors of 8639640?
2, 3, 5, 103, 233
What are the prime factors of 87032248?
2, 17, 29, 22067
List the prime factors of 59931614.
2, 29965807
List the prime factors of 623086236.
2, 3, 31, 186107
List the prime factors of 61477597.
19, 23, 140681
List the prime factors of 3469437959.
13, 659, 404977
What are the prime factors of 2290330292?
2, 107, 5351239
What are the prime factors of 3325290355?
5, 17, 135367
What are the prime factors of 422867119?
3331, 126949
What are the prime factors of 480441439?
4993, 96223
List the prime factors of 719197636.
2, 179799409
What are the prime factors of 985482345?
3, 5, 65698823
What are the prime factors of 1520960837?
11, 503, 274889
List the prime factors of 606356141.
606356141
List the prime factors of 1909203387.
3, 7, 13, 277, 25247
What are the prime factors of 872858148?
2, 3, 5077, 14327
What are the prime factors of 110864993?
110864993
What are the prime factors of 1420650423?
3, 31, 5091937
What are the prime factors of 195243675?
3, 5, 11, 236659
List the prime factors of 1798892969.
157, 2557, 4481
List the prime factors of 44974932.
2, 3, 349, 10739
List the prime factors of 113634093.
3, 29, 1306139
What are the prime factors of 1614545540?
2, 5, 233, 346469
List the prime factors of 44156355.
3, 5, 37, 79561
What are the prime factors of 427553690?
2, 5, 97, 379, 1163
What are the prime factors of 1955658339?
3, 5557, 39103
List the prime factors of 790463755.
5, 158092751
List the prime factors of 21819149.
11, 1983559
List the prime factors of 6305746769.
7, 23, 163, 240283
List the prime factors of 4966827040.
2, 5, 7, 197, 22511
What are the prime factors of 714478710?
2, 3, 5, 11, 41, 52807
What are the prime factors of 603057644?
2, 7, 19, 59, 19213
List the prime factors of 3864095.
5, 37, 20887
List the prime factors of 49837692.
2, 3, 1063, 3907
What are the prime factors of 797118416?
2, 2477, 20113
What are the prime factors of 6056592709?
6427, 942367
List the prime factors of 3327340883.
3327340883
What are the prime factors of 719988454?
2, 17, 31, 41, 16661
What are the prime factors of 2794140191?
2794140191
What are the prime factors of 15350824?
2, 113, 16981
What are the prime factors of 1733187166?
2, 389, 2227747
List the prime factors of 148598702.
2, 7, 10614193
List the prime factors of 46750439.
1877, 24907
List the prime factors of 1171813566.
2, 3, 7, 11, 2536393
List the prime factors of 64990440.
2, 3, 5, 73, 2473
What are the prime factors of 310061777?
43, 7210739
What are the prime factors of 39438591?
3, 13146197
List the prime factors of 53688233.
23, 1051, 2221
List the prime factors of 2008235832.
2, 3, 83676493
What are the prime factors of 116886374?
2, 11, 449, 11833
List the prime factors of 1668954382.
2, 23, 359, 101063
What are the prime factors of 1442060370?
2, 3, 5, 16022893
What are the prime factors of 71370172?
2, 17842543
What are the prime factors of 27799433?
23, 257, 4703
What are the prime factors of 354676331?
354676331
What are the prime factors of 439785326?
2, 9433, 23311
What are the prime factors of 13263640?
2, 5, 13, 23, 1109
What are the prime factors of 274594499?
274594499
List the prime factors of 143605443.
3, 17, 2815793
List the prime factors of 67343418.
2, 3, 43, 167, 521
List the prime factors of 53204373.
3, 17, 43, 8087
What are the prime factors of 218597731?
11, 2749, 7229
What are the prime factors of 118239179?
241, 490619
List the prime factors of 48912462.
2, 3, 2717359
What are the prime factors of 28793178?
2, 3, 37, 14411
What are the prime factors of 170355607?
67, 2542621
What are the prime factors of 7035386430?
2, 3, 5, 234512881
What are the prime factors of 1098839506?
2, 17, 311, 103919
List the prime factors of 20324238.
2, 3, 11, 293, 1051
What are the prime factors of 1474803247?
89, 16570823
List the prime factors of 5123614396.
2, 1280903599
What are the prime factors of 27951372?
2, 3, 258809
What are the prime factors of 5561146195?
5, 11, 19, 23, 401, 577
List the prime factors of 295235376.
2, 3, 19, 127, 2549
List the prime factors of 598113430.
2, 5, 269, 222347
List the prime factors of 27228211.
1213, 22447
What are the prime factors of 196338678?
2, 3, 17, 1924889
List the prime factors of 1113975395.
5, 13, 107, 160169
What are the prime factors of 2582446840?
2, 5, 317, 203663
What are the prime factors of 269847350?
2, 5, 269, 20063
What are the prime factors of 836436961?
113, 7402097
List the prime factors of 977051656.
2, 7, 17447351
List the prime factors of 138900109.
37, 241, 421
List the prime factors of 1274780040.
2, 3, 5, 10623167
List the prime 